{"id":2,"date":"2019-02-08T17:20:02","date_gmt":"2019-02-08T17:20:02","guid":{"rendered":"https:\/\/cordobaevento.muntal.net\/?page_id=2"},"modified":"2019-03-01T17:31:05","modified_gmt":"2019-03-01T17:31:05","slug":"sample-page","status":"publish","type":"page","link":"https:\/\/cordobaevento.muntal.net\/?page_id=2","title":{"rendered":"Temario"},"content":{"rendered":"\n<ul><li>Nuevas tendencias en\n     odontolog\u00eda adhesiva<\/li><li>Grabado total , autograbado\n     y grabado selectivo, descripci\u00f3n de las t\u00e8cnicas<\/li><li>Adhesi\u00f2n a las diferentes\n     superficies restaurativas<\/li><li>Consideraciones adhesivas\n     para la correcta selecci\u00f3n del cemento<\/li><li>Sensibildad post-operatoria<\/li><li>Protecci\u00f2n dentino-pulpar<\/li><\/ul>\n\n\n\n<hr class=\"wp-block-separator\"\/>\n\n\n\n<ul><li>Conferencia<\/li><li>Modalidad: te\u00f3rico<\/li><li>Duraci\u00f3n aprox. 4 HS.<\/li><li>Acreditaci\u00f3n: 14:00 hs.<\/li><li>Inicio de la conferencia: 14:30 hs.<\/li><\/ul>\n\n\n\n<hr class=\"wp-block-separator\"\/>\n\n\n\n<p><h5>Valor de la conferencia: $ 3000<\/h5>\n<strong>Con el valor de la entrada obtendr\u00e1 un voucher de $1500 en la compra de productos Bisco.<\/strong>\n<h6>SE ENTREGAR\u00c1N CERTIFICADOS DE ASISTENCIA<\/h6><\/p>\n","protected":false},"excerpt":{"rendered":"<p>Nuevas tendencias en odontolog\u00eda adhesiva Grabado total , autograbado y grabado selectivo, descripci\u00f3n de las t\u00e8cnicas Adhesi\u00f2n a las diferentes superficies restaurativas Consideraciones adhesivas para la correcta selecci\u00f3n del cemento Sensibildad post-operatoria Protecci\u00f2n dentino-pulpar Conferencia Modalidad: te\u00f3rico Duraci\u00f3n aprox. 4 HS. Acreditaci\u00f3n: 14:00 hs. Inicio de la conferencia: 14:30 hs. Valor de la conferencia: $&hellip; <br \/> <a class=\"button small blue\" href=\"https:\/\/cordobaevento.muntal.net\/?page_id=2\">Leer m\u00e1s<\/a><\/p>\n","protected":false},"author":1,"featured_media":0,"parent":0,"menu_order":0,"comment_status":"closed","ping_status":"open","template":"","meta":[],"_links":{"self":[{"href":"https:\/\/cordobaevento.muntal.net\/index.php?rest_route=\/wp\/v2\/pages\/2"}],"collection":[{"href":"https:\/\/cordobaevento.muntal.net\/index.php?rest_route=\/wp\/v2\/pages"}],"about":[{"href":"https:\/\/cordobaevento.muntal.net\/index.php?rest_route=\/wp\/v2\/types\/page"}],"author":[{"embeddable":true,"href":"https:\/\/cordobaevento.muntal.net\/index.php?rest_route=\/wp\/v2\/users\/1"}],"replies":[{"embeddable":true,"href":"https:\/\/cordobaevento.muntal.net\/index.php?rest_route=%2Fwp%2Fv2%2Fcomments&post=2"}],"version-history":[{"count":5,"href":"https:\/\/cordobaevento.muntal.net\/index.php?rest_route=\/wp\/v2\/pages\/2\/revisions"}],"predecessor-version":[{"id":71,"href":"https:\/\/cordobaevento.muntal.net\/index.php?rest_route=\/wp\/v2\/pages\/2\/revisions\/71"}],"wp:attachment":[{"href":"https:\/\/cordobaevento.muntal.net\/index.php?rest_route=%2Fwp%2Fv2%2Fmedia&parent=2"}],"curies":[{"name":"wp","href":"https:\/\/api.w.org\/{rel}","templated":true}]}}